{"id":32,"date":"2023-08-10T14:41:57","date_gmt":"2023-08-10T14:41:57","guid":{"rendered":"http:\/\/10.100.0.115\/labap\/?page_id=32"},"modified":"2023-12-14T23:18:40","modified_gmt":"2023-12-14T23:18:40","slug":"experimentar","status":"publish","type":"page","link":"https:\/\/labap.umag.cl\/index.php\/experimentar\/","title":{"rendered":"Experimentar"},"content":{"rendered":"\n<div class=\"section-wrapper\" data-id=\"H8d2EO\"><section class=\"wp-block-gutenverse-section guten-element guten-section guten-H8d2EO layout-boxed align-stretch\"><div class=\"guten-background-overlay\"><\/div><div class=\"guten-shape-divider guten-shape-divider-top\"><\/div><div class=\"guten-shape-divider guten-shape-divider-bottom\"><\/div><div class=\"guten-container guten-column-gap-default\">\n<div class=\"wp-block-gutenverse-column guten-element guten-column guten-AoWPJO\"><div class=\"guten-background-overlay\"><\/div><div class=\"sticky-wrapper\" data-id=\"AoWPJO\"><div class=\"guten-column-wrapper\">\n<div class=\"section-wrapper\" data-id=\"PVvNz3\"><section class=\"wp-block-gutenverse-section guten-element guten-section guten-PVvNz3 layout-boxed align-stretch\"><div class=\"guten-background-overlay\"><\/div><div class=\"guten-shape-divider guten-shape-divider-top\"><\/div><div class=\"guten-shape-divider guten-shape-divider-bottom\"><\/div><div class=\"guten-container guten-column-gap-no\">\n<div class=\"wp-block-gutenverse-column guten-element guten-column guten-6v8Nk9\"><div class=\"guten-background-overlay\"><\/div><div class=\"sticky-wrapper\" data-id=\"6v8Nk9\"><div class=\"guten-column-wrapper\">\n<div class=\"guten-element guten-spacer guten-PPRAWw\"><\/div>\n<\/div><\/div><\/div>\n\n\n\n<div class=\"wp-block-gutenverse-column guten-element guten-column guten-C2FamW\"><div class=\"guten-background-overlay\"><\/div><div class=\"sticky-wrapper\" data-id=\"C2FamW\"><div class=\"guten-column-wrapper\">\n<h2 class=\"wp-block-gutenverse-heading guten-element guten-rOTdRc animated guten-element-hide desktop-fadeInRight\">&lt;&lt; did\u00e1ctica, <br>dise\u00f1o,  <br>docencia &gt;&gt;<\/h2>\n\n\n\n<div class=\"guten-element gutenverse-text-editor guten-H5rWBY\"><div class=\"text-content-inner\">\n<p class=\"has-custom-color-8-color has-text-color has-link-color wp-elements-2e1e753ff910456fca4d00eb99cd582f\">El Laboratorio de Aprendizaje busca explorar nuevas estrategias pedag\u00f3gicas y tecnol\u00f3gicas para enriquecer la <strong>docencia<\/strong>, la <strong>did\u00e1ctica<\/strong> y el <strong>dise\u00f1o<\/strong> de los contenidos educativos. <\/p>\n\n\n\n<p class=\"has-custom-color-8-color has-text-color has-link-color wp-elements-c3626e229b7c045ea032af2d46c8d389\">Los profesores y acad\u00e9micos trabajan en equipo para experimentar con diferentes metodolog\u00edas de ense\u00f1anza, incorporando herramientas tecnol\u00f3gicas, recursos audiovisuales y actividades pr\u00e1cticas que permitan mejorar la comprensi\u00f3n y retenci\u00f3n del conocimiento por parte de los estudiantes. <\/p>\n\n\n\n<p class=\"has-custom-color-8-color has-text-color has-link-color wp-elements-fceccae6399e6a4bd0c661c73040d4a0\">Se promueve la evaluaci\u00f3n constante de estas innovaciones para identificar aquellas m\u00e1s efectivas y replicables en distintos contextos educativos.<\/p>\n<\/div><\/div>\n<\/div><\/div><\/div>\n<\/div><\/section><\/div>\n<\/div><\/div><\/div>\n<\/div><\/section><\/div>\n","protected":false},"excerpt":{"rendered":"","protected":false},"author":1,"featured_media":61,"parent":0,"menu_order":0,"comment_status":"closed","ping_status":"closed","template":"","meta":{"footnotes":""},"class_list":["post-32","page","type-page","status-publish","has-post-thumbnail","hentry"],"_links":{"self":[{"href":"https:\/\/labap.umag.cl\/index.php\/wp-json\/wp\/v2\/pages\/32","targetHints":{"allow":["GET"]}}],"collection":[{"href":"https:\/\/labap.umag.cl\/index.php\/wp-json\/wp\/v2\/pages"}],"about":[{"href":"https:\/\/labap.umag.cl\/index.php\/wp-json\/wp\/v2\/types\/page"}],"author":[{"embeddable":true,"href":"https:\/\/labap.umag.cl\/index.php\/wp-json\/wp\/v2\/users\/1"}],"replies":[{"embeddable":true,"href":"https:\/\/labap.umag.cl\/index.php\/wp-json\/wp\/v2\/comments?post=32"}],"version-history":[{"count":11,"href":"https:\/\/labap.umag.cl\/index.php\/wp-json\/wp\/v2\/pages\/32\/revisions"}],"predecessor-version":[{"id":1514,"href":"https:\/\/labap.umag.cl\/index.php\/wp-json\/wp\/v2\/pages\/32\/revisions\/1514"}],"wp:featuredmedia":[{"embeddable":true,"href":"https:\/\/labap.umag.cl\/index.php\/wp-json\/wp\/v2\/media\/61"}],"wp:attachment":[{"href":"https:\/\/labap.umag.cl\/index.php\/wp-json\/wp\/v2\/media?parent=32"}],"curies":[{"name":"wp","href":"https:\/\/api.w.org\/{rel}","templated":true}]}}